= 3*d**2 - 7*d - 12. Let q(o) = g*n(o) - 2*f(o). What is the remainder when 23 is divided by q(9)?
7
Let v(p) = -p + 16. Let h = 0 - -10. Suppose -2*o - 2*o - 4*j = -8, -4*o - 5*j = -8. What is the remainder when v(h) is divided by o?
0
Let f = -5 - -10. Suppose -m - 5*t = -8, -2 = -f*m - 2*t + 15. Suppose m*b = -2*b + 10. What is the remainder when 4 is divided by b?
0
Suppose -5*v = -126 - 44. What is the remainder when 133 is divided by v?
31
Suppose 59 = r - 0*r + 2*w, -3*w = 9. What is the remainder when r is divided by 18?
11
Let c = 33 - 15. Suppose -2*f + l = -20, 5*f + l + 4*l - 50 = 0. Calculate the remainder when c is divided by f.
8
Let b(j) = -j + 3. Let m be b(0). Let s(r) = 1 + 20*r**2 - m*r**2 + 2*r**2 - 2*r. What is the remainder when 34 is divided by s(1)?
16
Let y(c) = c**2 + 3*c + 2. Let u be y(-5). Calculate the remainder when 5 is divided by u/9 - 4/(-6).
1
Suppose 0 = -f - f - 4. Let b be (f/(-6))/((-2)/(-18)). What is the remainder when (-44)/(-6) + (-1)/b is divided by 4?
3
Let h(q) = q**3 - 9*q**2. Let j be h(9). Suppose -f + 2 + 11 = j. Calculate the remainder when 38 is divided by f.
12
Let f(y) be the first derivative of 5*y**4/2 + y**3/3 - y**2/2 + 2. Calculate the remainder when f(1) is divided by 4.
2
Let n(a) = a**2 - 2*a + 6. What is the remainder when 41 is divided by n(4)?
13
Suppose -44 = 5*z + 11. Let g = 42 + z. Calculate the remainder when g is divided by (18/(-15))/(24/(-160)).
7
Let c(o) = 2*o**3 - 4*o**2 - o - 3. Let n(p) = -2*p**3 + 5*p**2 + p + 4. Let h(d) = 3*c(d) + 2*n(d). What is the remainder when 13 is divided by h(2)?
3
Suppose -3*p + 22*p - 228 = 0. Calculate the remainder when 4/18 - 205/(-9) is divided by p.
11
Suppose 2*k = -5*r + 25, -k + 3*k - 4*r = -20. Suppose 4*w - 25 - 22 = -v, k = -3*v + 2*w + 71. Calculate the remainder when v is divided by 14.
13
Suppose -3*r = -24 - 33. What is the remainder when r is divided by (1/(-1))/(6/(-42))?
5
Let i = -15 - -22. What is the remainder when ((-12)/(-10))/(1/10) is divided by i?
5
Let t(z) = -14*z - 1. Calculate the remainder when t(-1) is divided by 8.
5
Suppose 0 = 4*w - 18 - 34. Calculate the remainder when w is divided by 4 - 1*-1*1.
3
Let f(i) be the first derivative of 0*i**3 + 5*i + 1/2*i**2 + 1/4*i**4 - 2. What is the remainder when f(0) is divided by 2?
1
Let l(f) = -f**2 - f + 13. Let w be 0/(-2)*(1 - 0). What is the remainder when l(w) is divided by 5?
3
Let j(n) = 6*n - 64. Calculate the remainder when 37 is divided by j(14).
17
Let q(a) = a**3 - 3*a**2 - 4*a + 6. Let c be q(4). Let j(y) = 2*y - 1. Calculate the remainder when 41 is divided by j(c).
8
Suppose 8*t - 4*t = -5*o, -2*o = -4*t - 28. Suppose -316 = 5*a - 3*q - 837, 3*a - 317 = o*q. Let l = a - 71. Calculate the remainder when l is divided by 11.
10
Let l be (-9)/2*(-4)/3. Suppose 4*j - 96 = -4*p, 3*p - l = -j + 66. Suppose 5*g - 26 = 3*g. What is the remainder when p is divided by g?
11
Suppose -25 = -5*f - 4*r, 0 = -6*f + 4*f + 3*r + 10. Suppose -2*c + 13 - f = 0. Suppose -c*w + 157 - 49 = 0. What is the remainder when w is divided by 14?
13
Let g(f) = f + 24. What is the remainder when ((-102)/10 - -1)*-5 is divided by g(-8)?
14
Suppose 0*v = -3*v + 12. Suppose -r = -2*c + 51, 3*c + 36 = 5*c + v*r. Calculate the remainder when c is divided by 13.
11
Let u = -62 - -102. What is the remainder when u is divided by 14?
12
Let q(w) = 3*w + 2. Let t(x) = -2*x**2 + 17*x - 7. What is the remainder when t(7) is divided by q(2)?
6
Suppose 200 = 4*z + r - 155, 0 = -z + 3*r + 92. What is the remainder when z is divided by 31?
27
Let u(x) = x**3 - 4*x**2 + 5*x - 6. Let g(f) = f**3 - 5*f**2 + 8*f - 6. Let n be g(6). Let q = -53 + n. What is the remainder when q is divided by u(4)?
11
Suppose g + 2*f - 5*f = 9, -2*g - 9 = 3*f. What is the remainder when (g - 1) + 120/5 is divided by 12?
11
Let v(j) = 3*j**2 + 7*j - 2. Let a be v(-5). What is the remainder when 36 is divided by (0 + a)*(-3)/(-6)?
17
Let t(f) = -2*f**2 - 9*f - 4. Let k be t(-6). What is the remainder when (4 - -15)/(-7 + -2 + 10) is divided by (0 + k/(-6))*3?
8
Let d = -81 - -23. Let f = d + 94. What is the remainder when f is divided by -1 - (-18 + (2 - 4))?
17
Let t = -11 - -3. What is the remainder when -21*(12/4)/(-3) is divided by -3*(t/3 + -1)?
10
Let z = 66 - 32. What is the remainder when z is divided by 9?
7
Suppose f + f = 0. Let h = 18 - -4. Let j = h + f. What is the remainder when 42 is divided by j?
20
What is the remainder when 77 is divided by ((-2)/4)/(9/(-486))?
23
Suppose 0*m - 4*m = 352. Let d = m + 137. Calculate the remainder when d is divided by 13.
10
Let l = 14 + -20. Let z(v) = -8*v - 13. Let s(i) = -7*i - 13. Let f(g) = -7*s(g) + 6*z(g). Calculate the remainder when 20 is divided by f(l).
6
Let c be (2/4)/((-2)/40). Let u = 52 + -42. Calculate the remainder when u is divided by -6*2/c*5.
4
Let x = -69 - -100. Calculate the remainder when 47 is divided by x.
16
Suppose 6*n = n - 4*y + 444, 3*y = -2*n + 172. Suppose -4*v + 3*r - 36 = -n, -3*r = 3*v - 21. Calculate the remainder when v is divided by 4.
3
Let v = 28 - 52. Let t be 1/(-3) - (-160)/v. Let b = t - -11. What is the remainder when b is divided by 2?
0
Let l(c) = -c**3 + 5*c**2 + 4*c + 6. Let o be l(6). Let a(q) = -q**2 - 7*q + 2. Let w = -1 - -6. What is the remainder when a(o) is divided by w?
3
Suppose -f = 5, 2*f + 0*f = 4*i - 18. Suppose o + i*o = 42. Suppose -10*b = -253 - 137. Calculate the remainder when b is divided by o.
11
Suppose 18*h = 9*h + 252. What is the remainder when 109 is divided by h?
25
Let t(d) be the second derivative of -d**3/6 + d**2 + d. Let r be t(6). What is the remainder when (6/4)/((-2)/r) is divided by 1?
0
Suppose -s + 5*m - 10 = 0, -3*s + 12 = 2*m - 3*m. Suppose -s*x + x = -104. What is the remainder when x is divided by 7?
5
Let o(m) = 7*m - 10. Suppose -j + 4*b + 2 = 3, 5*j + 4*b = 43. What is the remainder when o(j) is divided by 4/14 + 414/21?
19
Let v = -7 - -5. Calculate the remainder when 5*(-2)/v - -1 is divided by 4.
2
Suppose o + 2*l = 26, 0*l = -3*o - l + 53. What is the remainder when 60 is divided by o?
12
Let t be 1*(-20)/(1 - 5). Suppose -40 = -10*a + t*a. What is the remainder when 13 is divided by a?
5
Let g be (-6)/9*(-3)/(-2). Let s(v) = -18*v**3 + v**2. What is the remainder when s(g) is divided by 6/(-4)*(-84)/18?
5
Suppose -2*j + 44 - 2 = 0. What is the remainder when -3*62/(-12)*8/2 is divided by j?
20
Suppose -478*c + 18 = -476*c. What is the remainder when 26 is divided by c?
8
Let t(v) = 5*v - 5. What is the remainder when 49 is divided by t(6)?
24
Let f = -12 + 7. Calculate the remainder when (f/2)/(2/(-32)) is divided by (-6 - 1)/(4/(-8)).
12
Let c(r) = r**2 + 10*r - 8. Calculate the remainder when c(-15) is divided by 14.
11
Suppose 0 = 4*l - q - 22 - 43, 0 = l + 3*q. What is the remainder when l is divided by 3?
0
Let a(n) = n + 13. What is the remainder when 47 is divided by a(0)?
8
Let w(p) = p**2 - p + 5. What is the remainder when w(3) is divided by 4?
3
Calculate the remainder when (1/2)/(1193/(-398) + 3) is divided by 40.
39
Let n be -1 + 5 - 1 - 1. Suppose -8 = n*x, -4*a = -x - 3*x - 64. Calculate the remainder when 35 is divided by a.
11
Let f = 0 - -12. Suppose -4*n + f = -0*n. Calculate the remainder when 16 is divided by n - 1 - (0 + -4).
4
Let a(k) = 4*k**2 - k. Let m be a(1). Suppose 2*f - 1 - m = 0. What is the remainder when f is divided by 1?
0
Suppose 3*l + 4 = 4*l. Suppose 5*b = z - 16, -2*b - 2 = l. Calculate the remainder when (1 + 3)/(4 - 2) is divided by z.
0
Suppose -5*c + 3*x + 5 = 7*x, c - 1 = -3*x. Let h(p) = 4*p. Calculate the remainder when 10 is divided by h(c).
2
Let f(k) = 3*k**2 + 3*k - 3. Calculate the remainder when f(3) is divided by 17.
16
Let j = -6 - -8. Suppose 0 = j*r + 10 - 62. Calculate the remainder when r is divided by 7.
5
Suppose p + 4*n - 29 = 0, p + 3*n - 1 = 24. What is the remainder when 22 is divided by p?
9
Let o = 3 + 29. Suppose l = -l + o. What is the remainder when 1/(1 - 60/62) is divided by l?
15
Let y be (3 + -3)/(3 - 2). Suppose 2*d - p - 44 = y, 2*d - 3*p - 12 - 36 = 0. What is the remainder when 61 is divided by d?
19
Suppose 0 = -2*l + 32 + 24. Calculate the remainder when 110 is divided by l.
26
Let v b